{"id":1323,"date":"2018-05-25T09:53:06","date_gmt":"2018-05-25T07:53:06","guid":{"rendered":"http:\/\/kistenhonig.de\/?page_id=1323"},"modified":"2018-08-05T23:53:39","modified_gmt":"2018-08-05T21:53:39","slug":"impressum","status":"publish","type":"page","link":"https:\/\/kistenhonig.de\/index.php\/impressum\/","title":{"rendered":"Impressum"},"content":{"rendered":"<h2>Diese Seite wurde erstellt und wird gepflegt von:<\/h2>\n<p>Tobias Linne<br \/>\nScharh\u00f6rner Ring 81<br \/>\n21762 Otterndorf<\/p>\n<p><a href=\"mailto:mail@tobiaslinne.de\">mail@tobiaslinne.de<\/a><br \/>\n04751-909729<\/p>\n<p>Die Links zu externen Seiten habe ich beim Verlinken gepr\u00fcft und die Seiten f\u00fcr unbedenklich befunden, dennoch gew\u00e4hrleiste ich nicht deren Inhalt.<\/p>\n<p><a href=\"http:\/\/kistenhonig.de\/index.php\/datenschutzerklaerung\/\">Datenschutzerkl\u00e4rung<\/a><\/p>\n<h2>Fotos:<\/h2>\n<p>Homepage und Seitenleiste: Bernie Kohl, <a href=\"https:\/\/commons.wikimedia.org\/wiki\/File:Apis_mellifera_on_prunus_cerasifera_01_25042009.jpg?uselang=de\" target=\"_blank\" rel=\"noopener\">wikimedia<\/a><\/p>\n<p>Phacelia (s. Bienenfreund): Holger Casselmann, <a href=\"https:\/\/commons.wikimedia.org\/wiki\/File:Phacelia_tanacetifolia_HC1.jpg\" target=\"_blank\" rel=\"noopener\">wikimedia<\/a><\/p>\n<p>Bienenwabe: Maja Dumat, <a href=\"https:\/\/commons.wikimedia.org\/wiki\/File:Unverdeckelte_Weiselzelle_003.jpg?uselang=de\" target=\"_blank\" rel=\"noopener\">wikimedia<\/a><\/p>\n<p>Alle anderen Bilder sind, wenn nicht direkt anders genannt, vom Autoren und Betreiber dieser Seite und unterliegen dem Urheberrecht.<\/p>\n<h4>Fonts in Use:<\/h4>\n<p>Body- und Headline-Font: <a href=\"https:\/\/fonts.google.com\/specimen\/Source+Sans+Pro\" target=\"_blank\" rel=\"noopener\">Source Sans<\/a> von Paul D. Hunt<\/p>\n<p>Headline-Font: <a href=\"https:\/\/www.behance.net\/gallery\/28579883\/Cormorant-an-open-source-display-font-family\" target=\"_blank\" rel=\"noopener\">Cormorant Italic<\/a> von Christian Thalmann<\/p>\n","protected":false},"excerpt":{"rendered":"<p>Diese Seite wurde erstellt und wird gepflegt von: Tobias Linne [&hellip;]<\/p>\n","protected":false},"author":1,"featured_media":0,"parent":0,"menu_order":0,"comment_status":"closed","ping_status":"closed","template":"","meta":{"footnotes":""},"class_list":["post-1323","page","type-page","status-publish","hentry"],"_links":{"self":[{"href":"https:\/\/kistenhonig.de\/index.php\/wp-json\/wp\/v2\/pages\/1323","targetHints":{"allow":["GET"]}}],"collection":[{"href":"https:\/\/kistenhonig.de\/index.php\/wp-json\/wp\/v2\/pages"}],"about":[{"href":"https:\/\/kistenhonig.de\/index.php\/wp-json\/wp\/v2\/types\/page"}],"author":[{"embeddable":true,"href":"https:\/\/kistenhonig.de\/index.php\/wp-json\/wp\/v2\/users\/1"}],"replies":[{"embeddable":true,"href":"https:\/\/kistenhonig.de\/index.php\/wp-json\/wp\/v2\/comments?post=1323"}],"version-history":[{"count":7,"href":"https:\/\/kistenhonig.de\/index.php\/wp-json\/wp\/v2\/pages\/1323\/revisions"}],"predecessor-version":[{"id":1514,"href":"https:\/\/kistenhonig.de\/index.php\/wp-json\/wp\/v2\/pages\/1323\/revisions\/1514"}],"wp:attachment":[{"href":"https:\/\/kistenhonig.de\/index.php\/wp-json\/wp\/v2\/media?parent=1323"}],"curies":[{"name":"wp","href":"https:\/\/api.w.org\/{rel}","templated":true}]}}